NOAA-Style Climate Reports


Report for 2024 April
                   Monthly Climatological Summary for Apr 2024

Name: Bismarckweather.net   City: Bismarck   State: ND
Elevation: 1913 ft  Lat: N 46° 54' 05"   Lon: W 100° 47' 02"

                  Temperature (°F), Rain (in), Wind Speed (mph)

                                      Heat  Cool        Avg
    Mean                              Deg   Deg         Wind                 Dom
Day Temp  High   Time   Low    Time   Days  Days  Rain  Speed High   Time    Dir
----------------------------------------------------------------------------------
01  33.5  43.5   17:09  26.3   07:07  31.5   0.0  0.00   4.8  17.0   18:46   SSW
02  38.3  49.4   17:05  29.2   03:41  26.7   0.0  0.00  11.3  38.0   15:42   NNW
03  38.9  54.9   17:39  24.5   05:32  26.1   0.0  0.00   3.8  13.0   22:11    NE
04  42.8  58.7   15:27  29.1   06:57  22.2   0.0  0.00   8.9  21.0   13:41   ESE
05  45.3  60.4   14:22  30.4   06:27  19.7   0.0  0.00  15.0  37.0   12:45   ESE
06  49.1  62.5   15:48  38.2   07:31  15.9   0.0  0.00  17.9  41.0   12:36   ESE
07  38.0  43.8   00:00  32.5   23:59  27.0   0.0  0.03  10.3  28.0   06:52   ENE
08  39.2  52.3   17:02  32.5   00:07  25.8   0.0  0.27   7.8  25.0   16:55   WNW
09  49.0  62.2   17:33  37.5   05:26  15.9   0.0  0.00   7.7  28.0   14:04   WSW
10  45.3  56.9   12:14  36.9   23:59  19.7   0.0  0.06  10.0  39.0   17:59     W
11  41.9  55.2   16:57  29.0   05:21  23.2   0.0  0.00  10.1  34.0   13:22    NW
----------------------------------------------------------------------------------
    41.9  62.5     6    24.5     3   253.7   0.0  0.36   9.8  41.0     6     ENE

Max >=  80.0  0
Max <=  32.0  0
Min <=  32.0  6
Min <=   0.0  0
Max Rain: 0.27 on day 8
Days of Rain: 3 (>= 0.01 in)  1 (>= 0.10 in)  0 (>= 1.00 in)
Heat Base: 65.0  Cool Base: 65.0  Method: Integration