NOAA-Style Climate Reports


Report for 2024
                   Annual Climatological Summary for 2024

Name: Bismarckweather.net   City: Bismarck   State: ND
Elevation: 1913 ft  Lat: N 46° 54' 05"   Lon: W 100° 47' 02"

                  Temperature (°F), Heat Base: 65.0  Cool Base: 65.0
                          Dep.  Heat  Cool                       Max  Max  Min  Min
        Mean  Mean        From  Deg   Deg                        >=   <=   <=   <=
 YR MO  Max   Min   Mean  Norm  Days  Days  Hi  Date  Low  Date 80.0 32.0 32.0   0.0
------------------------------------------------------------------------------------
 24  1  21.2   7.3  14.1   0.0  1579     0  55.2  31 -28.7   13    0   22   30   11
 24  2  37.6  18.9  28.1   0.0  1070     0  60.9  26  -7.8   28    0    8   27    3
 24  3  36.9  18.2  27.1   0.0  1173     0  64.2  18  -0.4   27    0   14   29    1
 24  4  56.1  33.9  44.5   0.0   622     7  79.0  13  20.9   20    0    0   11    0
 24  5  67.0  43.2  55.1   0.0   335    28  84.1  17  31.5    4    1    0    1    0
 24  6  75.2  52.7  64.1   0.0   130   103  87.7  15  43.4   19    8    0    0    0
 24  7  82.4  60.3  71.2   0.0    28   177  90.8  12  52.9    7   16    0    0    0
 24  8
 24  9
 24 10
 24 11
 24 12
------------------------------------------------------------------------------------
        52.8  32.7  42.6   0.0  4937   314  90.8 Jul -28.7  Jan   25   44   98   15

                                Precipitation (in)

              Dep.   Max        Days of Rain
              From   Obs.           >=
 YR MO Total  Norm   Day Date 0.01 0.10 1.00
---------------------------------------------
 24  1  0.05   0.0  0.04  24     2    0    0
 24  2  0.41   0.0  0.15  28    10    1    0
 24  3  0.88   0.0  0.37  22     5    4    0
 24  4  2.70   0.0  0.96  26    12    5    0
 24  5  3.01   0.0  0.68  24    15    9    0
 24  6  4.14   0.0  0.74  27    14    8    0
 24  7  0.79   0.0  0.39   1     7    2    0
---------------------------------------------
       11.98   0.0  0.96  Apr   65   29    0

                                Wind Speed (mph)
                          Dom
 YR MO   Avg.  Hi   Date  Dir
------------------------------
 24  1   7.8  41.0   15     W
 24  2   7.9  43.0   17   WNW
 24  3   9.0  44.0   15     N
 24  4  10.8  51.0   18   NNW
 24  5   8.5  42.0   24    NW
 24  6   8.3  51.0    5     W
 24  7   5.6  31.0    7   ESE
 24  8
 24  9
 24 10
 24 11
 24 12
------------------------------
         8.3  51.0  Apr    NW