NOAA-Style Climate Reports


Report for 2024 May
                   Monthly Climatological Summary for May 2024

Name: Bismarckweather.net   City: Bismarck   State: ND
Elevation: 1913 ft  Lat: N 46° 54' 05"   Lon: W 100° 47' 02"

                  Temperature (°F), Rain (in), Wind Speed (mph)

                                      Heat  Cool        Avg
    Mean                              Deg   Deg         Wind                 Dom
Day Temp  High   Time   Low    Time   Days  Days  Rain  Speed High   Time    Dir
----------------------------------------------------------------------------------
01  45.9  57.8   15:27  33.0   06:21  19.1   0.0  0.01   7.4  25.0   16:57   WSW
02  45.3  53.6   18:31  39.4   23:59  19.7   0.0  0.20   5.6  19.0   19:43     S
03  42.8  52.3   17:21  33.9   06:22  22.2   0.0  0.00  11.8  29.0   09:13     W
04  45.1  58.9   18:12  31.5   06:06  20.0   0.0  0.00   6.8  23.0   11:27   WNW
05  54.4  70.3   15:27  37.3   06:40  11.4   0.8  0.00  14.1  39.0   16:59    SE
06  55.2  60.0   22:28  49.5   07:29   9.8   0.0  0.33  16.3  36.0   12:30   ESE
07  52.0  58.2   00:00  45.1   23:52  13.0   0.0  0.15   9.6  34.0   01:17     E
08  52.1  65.8   17:38  42.7   06:03  12.9   0.0  0.03   7.4  22.0   12:24     E
09  59.5  71.9   18:23  44.9   06:54   7.0   1.5  0.00   8.6  26.0   17:04   NNW
10  59.3  71.1   16:33  45.1   06:31   7.2   1.4  0.00   8.8  29.0   14:16   WNW
11  64.5  79.6   16:07  45.0   06:50   5.7   5.3  0.00   6.5  23.0   15:54   WSW
12  62.2  71.3   15:39  52.9   07:51   4.4   1.5  0.00   8.6  24.0   11:28   NNW
13  58.1  73.8   16:33  42.3   06:35   8.9   2.0  0.00   9.0  21.0   14:16   ESE
14  61.3  74.3   16:43  49.1   04:20   5.8   2.1  0.28   7.7  24.0   09:12    SE
15  51.6  59.1   00:00  46.9   23:55  13.4   0.0  0.00   7.5  19.0   02:01    NW
16  57.6  76.4   17:10  43.7   04:30   9.5   2.1  0.04   4.8  39.0   18:30     S
17  62.6  84.1   15:45  50.0   06:10   6.1   3.7  0.51   6.4  32.0   16:40   SSE
18  55.7  66.0   17:50  48.4   06:50   9.4   0.0  0.08  15.8  41.0   04:40     W
19  55.0  65.7   16:30  44.0   03:47  10.0   0.0  0.01   8.3  35.0   16:33     E
20  53.6  65.5   18:58  40.9   05:57  11.4   0.0  0.00   5.7  20.0   09:02    NW
21  57.1  69.0   15:02  43.3   06:25   8.2   0.3  0.00   5.2  18.0   17:30   NNW
22  55.1  69.4   18:11  37.1   06:27  10.3   0.5  0.00   3.9  21.0   22:32   WNW
----------------------------------------------------------------------------------
    54.8  84.1    17    31.5     4   245.5  21.3  1.64   8.4  41.0    18     SSW

Max >=  80.0  1
Max <=  32.0  0
Min <=  32.0  1
Min <=   0.0  0
Max Rain: 0.51 on day 17
Days of Rain: 10 (>= 0.01 in)  5 (>= 0.10 in)  0 (>= 1.00 in)
Heat Base: 65.0  Cool Base: 65.0  Method: Integration