NOAA-Style Climate Reports


Report for 2022 May
                   Monthly Climatological Summary for May 2022

Name: Bismarckweather.net   City: Bismarck   State: ND
Elevation: 1913 ft  Lat: N 46° 54' 06"   Lon: W 100° 47' 03"

                  Temperature (°F), Rain (in), Wind Speed (mph)

                                      Heat  Cool        Avg
    Mean                              Deg   Deg         Wind                 Dom
Day Temp  High   Time   Low    Time   Days  Days  Rain  Speed High   Time    Dir
----------------------------------------------------------------------------------
01  46.0  57.4   17:14  36.5   07:00  19.0   0.0  0.00  15.6  37.0   13:32   NNW
02  42.0  55.8   15:23  30.0   07:10  23.0   0.0  0.00   6.7  21.0   14:37   ENE
03  41.7  55.0   17:30  31.6   01:35  23.3   0.0  0.00   9.6  24.0   15:30   ESE
04  48.5  61.3   16:58  36.1   06:23  16.5   0.0  0.00   8.8  24.0   15:24    SE
05  51.8  66.3   16:59  36.6   06:11  13.3   0.1  0.00   9.3  23.0   15:23    SE
06  57.8  73.8   18:02  43.7   04:31   8.7   1.5  0.00  12.1  30.0   07:50    SE
07  62.1  78.2   16:33  50.4   06:41   5.4   2.5  0.00  13.5  45.0   16:36    SE
08  56.9  70.6   15:56  43.2   06:57   8.7   0.6  0.05   6.1  41.0   16:42   NNE
09  52.4  58.0   04:25  44.3   23:56  12.6   0.0  0.71  12.1  40.0   17:53     W
10  55.0  68.4   19:00  40.0   05:48  10.5   0.5  0.00   8.5  28.0   13:37    SW
11  60.0  71.9   15:22  49.8   02:06   6.1   1.1  0.00  11.9  31.0   14:14   ENE
12  57.4  63.2   16:29  50.5   06:01   7.6   0.0  0.39  15.2  43.0   17:50   ENE
13  52.3  60.1   00:00  46.7   09:10  12.7   0.0  0.03  23.0  55.0   10:57    SW
14  53.6  64.9   17:25  43.9   06:27  11.4   0.0  0.00  15.1  36.0   13:53     W
15  57.0  69.0   16:35  43.0   06:27   8.8   0.7  0.00  10.4  39.0   14:56   WNW
16  59.5  72.4   15:48  43.8   06:44   7.4   1.9  0.00   5.8  23.0   22:23   ESE
17  57.9  69.8   18:01  49.5   03:56   7.6   0.5  0.08  10.3  21.0   13:33    SE
18  59.0  68.9   16:27  46.9   06:53   6.7   0.7  0.00  11.0  38.0   12:48   WNW
19  49.1  55.5   17:56  41.8   19:09  15.9   0.0  0.52   9.4  51.0   18:52    SW
20  40.8  44.4   03:52  36.4   22:58  24.2   0.0  0.03  12.2  33.0   10:20    NW
21  39.9  47.3   17:52  35.2   07:16  25.1   0.0  0.00   7.4  20.0   18:18    NW
22  47.2  59.3   15:21  34.8   02:09  17.8   0.0  0.00   4.0  16.0   15:19   WSW
----------------------------------------------------------------------------------
    52.2  78.2     7    30.0     2   292.3  10.1  1.81  10.8  55.0    13      SW

Max >=  80.0  0
Max <=  32.0  0
Min <=  32.0  2
Min <=   0.0  0
Max Rain: 0.71 on day 9
Days of Rain: 7 (>= 0.01 in)  3 (>= 0.10 in)  0 (>= 1.00 in)
Heat Base: 65.0  Cool Base: 65.0  Method: Integration