NOAA-Style Climate Reports


Report for 2021 September
                   Monthly Climatological Summary for Sep 2021

Name: Bismarckweather.net   City: Bismarck   State: ND
Elevation: 1913 ft  Lat: N 46° 54' 06"   Lon: W 100° 47' 03"

                  Temperature (°F), Rain (in), Wind Speed (mph)

                                      Heat  Cool        Avg
    Mean                              Deg   Deg         Wind                 Dom
Day Temp  High   Time   Low    Time   Days  Days  Rain  Speed High   Time    Dir
----------------------------------------------------------------------------------
01  67.3  71.6   17:59  61.9   03:14   0.5   2.8  0.00  12.9  34.0   10:38   SSE
02  65.8  72.1   18:14  57.4   23:58   0.8   1.7  0.72   6.0  25.0   13:10   ENE
03  59.2  70.6   13:22  51.3   07:34   6.5   0.7  0.02   4.3  17.0   17:59     W
04  62.9  77.6   17:26  49.0   07:35   5.7   3.6  0.00   6.2  23.0   14:44     W
05  65.5  83.3   17:47  48.5   08:10   4.8   5.4  0.00   3.8  17.0   14:57     S
06  72.2  92.3   15:51  56.7   07:42   1.7   9.0  0.00   7.3  34.0   16:15   WSW
07  64.6  77.7   16:11  50.4   06:21   4.2   3.8  0.00  10.6  40.0   13:10   WNW
08  62.5  75.5   18:05  47.5   07:26   5.3   2.8  0.00   6.1  23.0   13:12    NW
09  65.8  81.9   17:25  50.0   07:22   4.8   5.6  0.00   9.4  29.0   14:07    SE
10  71.1  88.8   14:37  53.7   07:31   2.4   8.5  0.00   4.4  27.0   23:00   SSW
11  61.4  69.7   15:00  49.9   23:59   4.3   0.8  0.00   7.9  23.0   21:28    NE
12  60.2  74.3   17:11  46.7   01:23   6.9   2.1  0.00   7.3  24.0   17:33    SE
13  60.0  70.6   18:22  53.2   10:22   5.6   0.6  0.53   5.0  21.0   11:09   ESE
14  61.4  74.2   16:40  47.1   07:48   6.0   2.4  0.00   6.3  25.0   15:34   WNW
15  66.5  85.1   17:48  51.6   07:02   4.5   6.0  0.00   8.3  25.0   11:18   SSE
16  61.3  74.3   13:38  53.2   04:48   4.9   1.2  0.00  10.0  32.0   21:00     N
17  56.2  70.1   17:02  41.6   06:31   9.5   0.7  0.00   8.5  27.0   00:19    SW
18  65.4  82.6   16:42  50.2   06:53   5.1   5.5  0.00  10.5  22.0   04:19    SE
19  72.7  82.7   16:28  54.1   23:59   0.4   8.1  0.02  12.0  32.0   21:03   WNW
20  57.3  69.6   15:08  49.0   23:26   8.1   0.4  0.21   9.7  30.0   16:51    NW
21  54.9  71.3   16:28  40.0   07:26  11.0   0.9  0.00   5.2  26.0   16:31   WSW
----------------------------------------------------------------------------------
    63.5  92.3     6    40.0    21   103.0  72.6  1.50   7.7  40.0     7     WSW

Max >=  80.0  7
Max <=  32.0  0
Min <=  32.0  0
Min <=   0.0  0
Max Rain: 0.72 on day 2
Days of Rain: 5 (>= 0.01 in)  3 (>= 0.10 in)  0 (>= 1.00 in)
Heat Base: 65.0  Cool Base: 65.0  Method: Integration