NOAA-Style Climate Reports


Report for 2018 September
                   Monthly Climatological Summary for Sep 2018

Name: Bismarckweather.net   City: Bismarck   State: ND
Elevation: 1913 ft  Lat: N 46 54 06   Lon: W 100 47 03

                  Temperature (°F), Rain (in), Wind Speed (mph)

                                      Heat  Cool        Avg
    Mean                              Deg   Deg         Wind                 Dom
Day Temp  High   Time   Low    Time   Days  Days  Rain  Speed High   Time    Dir
----------------------------------------------------------------------------------
01  66.0  83.5   15:47  48.6   07:30   4.3   5.3  0.14   8.0  31.0   19:58    SE
02  61.8  72.6   17:32  49.5   07:34   4.9   1.7  0.00   6.0  20.0   10:51    NW
03  67.3  82.9   17:37  50.0   06:12   4.8   7.1  0.00  11.1  27.0   14:36    SE
04  63.3  72.0   16:49  54.5   23:59   3.3   1.6  0.61  11.3  29.0   01:34   NNW
05  59.5  70.1   17:06  51.7   07:01   6.4   0.9  0.00   5.2  14.0   16:04   ENE
06  66.2  80.1   16:36  55.6   00:00   3.5   4.6  0.08  12.5  30.0   14:21    SE
07  69.6  85.2   16:37  55.7   07:22   2.1   6.7  0.00   8.8  23.0   23:18    SE
08  69.8  80.5   15:41  59.4   07:10   0.9   5.7  0.00  14.9  37.0   16:03    SE
09  67.8  77.2   17:14  60.1   07:09   1.1   3.9  0.44   6.6  32.0   02:32   SSE
10  67.1  80.6   17:20  50.9   07:20   3.0   5.1  0.00   6.2  20.0   21:52     E
11  68.5  80.8   14:18  56.1   23:58   1.1   4.6  0.00  10.4  32.0   14:22   NNW
12  60.1  72.0   17:06  50.8   07:00   5.7   0.8  0.00  10.8  27.0   18:07   ENE
13  60.6  73.4   16:41  51.8   23:58   5.8   1.5  0.00   9.7  27.0   01:09   NNW
14  60.1  71.4   16:25  49.6   03:24   6.2   1.4  0.00   6.9  23.0   16:34   ENE
15  62.3  69.0   17:44  55.9   07:53   3.4   0.7  0.00   9.6  24.0   11:47   ENE
16  66.6  74.5   15:36  48.8   23:56   2.0   3.6  0.00  12.5  29.0   13:23   WNW
17  55.0  66.6   17:26  47.6   08:07  10.1   0.1  0.00   5.8  18.0   12:04    NE
18  54.6  67.9   16:31  41.2   07:35  10.7   0.4  0.00   4.7  21.0   18:06   ENE
19  54.7  65.3   17:05  45.6   07:27  10.3   0.0  0.00   8.5  22.0   04:52    NE
20  47.1  51.3   00:00  40.2   23:50  17.9   0.0  0.98  11.0  35.0   13:50    NE
21  46.6  57.5   17:26  38.9   02:55  18.4   0.0  0.07   8.2  26.0   02:51     W
22  53.6  71.5   17:42  41.2   07:13  12.4   1.0  0.00   7.1  33.0   20:55     E
23  44.2  48.8   17:29  40.3   08:13  20.8   0.0  0.00   8.7  24.0   00:01    NE
24  47.7  53.7   15:02  43.5   08:18  17.3   0.0  0.02   6.4  21.0   04:17    NW
25  47.3  55.1   13:48  40.3   23:58  17.7   0.0  0.05   7.3  33.0   17:07   WNW
----------------------------------------------------------------------------------
    59.5  85.2     7    38.9    21   194.1  56.7  2.39   8.7  37.0     8     ENE

Max >=  80.0  7
Max <=  32.0  0
Min <=  32.0  0
Min <=   0.0  0
Max Rain: 0.98 on day 20
Days of Rain: 8 (>= 0.01 in)  4 (>= 0.10 in)  0 (>= 1.00 in)
Heat Base: 65.0  Cool Base: 65.0  Method: Integration