NOAA-Style Climate Reports


Report for 2019 January
                   Monthly Climatological Summary for Jan 2019

Name: Bismarckweather.net   City: Bismarck   State: ND
Elevation: 1913 ft  Lat: N 46 54 06   Lon: W 100 47 03

                  Temperature (°F), Rain (in), Wind Speed (mph)

                                      Heat  Cool        Avg
    Mean                              Deg   Deg         Wind                 Dom
Day Temp  High   Time   Low    Time   Days  Days  Rain  Speed High   Time    Dir
----------------------------------------------------------------------------------
01   1.8  15.5   23:59 -11.0   00:14  63.2   0.0  0.00   7.6  28.0   18:54     S
02  27.5  35.6   14:26  15.5   00:00  37.5   0.0  0.02   8.0  22.0   00:21   WSW
03  37.3  44.1   14:53  31.1   01:30  27.7   0.0  0.03   6.5  31.0   05:28   WSW
04  39.3  46.0   16:09  33.5   08:43  25.7   0.0  0.00   5.9  15.0   20:12   WSW
05  30.2  39.7   01:37  22.4   21:56  34.8   0.0  0.00   6.8  22.0   20:12   NNW
06  27.7  31.6   18:19  22.8   06:53  37.3   0.0  0.00  11.0  32.0   13:51    SE
07  33.1  40.6   13:00  26.8   04:24  31.9   0.0  0.00   8.1  30.0   21:01     W
08  19.6  28.8   02:10  11.7   23:59  45.3   0.0  0.00  17.2  42.0   14:39   WNW
09   7.8  13.1   21:39   0.6   08:28  57.3   0.0  0.00   9.6  29.0   23:47     E
10  14.9  25.1   15:22   6.6   08:20  50.1   0.0  0.00   8.1  26.0   00:44   ESE
11  14.4  20.1   00:24  10.2   08:59  50.6   0.0  0.00   5.7  15.0   14:27     N
12  14.0  17.0   15:01  11.4   00:00  51.0   0.0  0.00   5.2  18.0   22:30   SSE
13  22.6  33.7   16:18  15.3   00:00  42.4   0.0  0.00   5.5  19.0   00:01   SSW
14  18.9  27.3   14:09  13.5   04:12  46.1   0.0  0.00   4.0  11.0   20:17     E
15  18.7  26.5   13:57   6.3   23:57  46.3   0.0  0.00   8.6  26.0   10:55     N
16   5.5  13.7   23:49  -2.5   04:39  59.5   0.0  0.00   7.8  20.0   06:55   ESE
----------------------------------------------------------------------------------
    20.8  46.0     4   -11.0     1   706.7   0.0  0.05   7.9  42.0     8      SW

Max >=  80.0  0
Max <=  32.0 10
Min <=  32.0 15
Min <=   0.0  2
Max Rain: 0.03 on day 3
Days of Rain: 2 (>= 0.01 in)  0 (>= 0.10 in)  0 (>= 1.00 in)
Heat Base: 65.0  Cool Base: 65.0  Method: Integration