NOAA-Style Climate Reports


Report for 2024 February
                   Monthly Climatological Summary for Feb 2024

Name: Bismarckweather.net   City: Bismarck   State: ND
Elevation: 1913 ft  Lat: N 46° 54' 05"   Lon: W 100° 47' 02"

                  Temperature (°F), Rain (in), Wind Speed (mph)

                                      Heat  Cool        Avg
    Mean                              Deg   Deg         Wind                 Dom
Day Temp  High   Time   Low    Time   Days  Days  Rain  Speed High   Time    Dir
----------------------------------------------------------------------------------
01  37.7  48.2   15:55  31.0   07:29  27.3   0.0  0.00   7.8  19.0   13:20   ESE
02  34.1  37.1   14:35  30.3   00:16  30.9   0.0  0.03  10.5  23.0   13:00   ESE
03  35.3  36.8   16:28  33.3   23:51  29.7   0.0  0.06   9.6  21.0   00:00    SE
04  34.9  37.7   15:12  32.3   01:40  30.0   0.0  0.03   4.6  16.0   00:54   ESE
05  34.1  37.6   16:20  30.3   23:56  30.9   0.0  0.01   6.4  18.0   14:56   SSE
06  32.4  35.9   12:57  28.7   03:32  32.7   0.0  0.01   5.4  25.0   23:01   ENE
07  31.4  32.4   18:28  30.2   05:04  33.6   0.0  0.08   8.5  23.0   08:43   ENE
08  28.4  31.6   00:00  25.6   18:07  36.6   0.0  0.00  10.4  27.0   22:01   NNW
09  25.7  27.2   04:10  23.8   22:47  39.3   0.0  0.00  10.7  23.0   02:20    NW
10  21.3  25.4   07:00  11.5   23:31  43.7   0.0  0.00   7.3  23.0   12:20   WNW
11  25.8  38.3   16:08  10.6   00:22  39.2   0.0  0.00   7.1  29.0   14:21     W
12  28.1  37.6   16:14  20.0   08:01  36.9   0.0  0.00   5.3  17.0   12:50   WNW
13  29.2  35.9   10:48  22.4   23:57  35.8   0.0  0.01   7.1  28.0   11:16     W
14  20.3  28.3   15:00  12.0   22:57  44.7   0.0  0.00   5.8  21.0   14:40   WNW
15  15.7  24.9   14:30   4.9   23:58  49.3   0.0  0.00   6.3  22.0   23:57    NW
16   8.6  18.6   17:24  -3.2   08:04  56.4   0.0  0.00  11.7  30.0   14:32   WNW
17  25.6  40.0   16:02  13.0   00:56  39.4   0.0  0.00  16.6  43.0   15:05     W
18  28.2  42.2   15:30  14.2   08:20  36.8   0.0  0.00   5.5  17.0   00:57     S
19  27.8  45.2   14:47  17.6   05:02  37.2   0.0  0.00   5.2  20.0   14:49   WSW
20  29.9  49.8   17:07  13.9   07:33  35.1   0.0  0.00   2.4  11.0   12:59     S
21  39.7  57.0   15:31  26.2   06:44  25.3   0.0  0.00   4.9  23.0   15:33     W
22  37.8  52.7   15:28  27.7   08:23  27.2   0.0  0.00  10.5  28.0   15:39   WNW
23  31.4  40.0   16:35  25.8   23:09  33.8   0.0  0.00   5.4  16.0   10:29    NW
24  37.5  51.8   13:36  25.2   03:08  27.6   0.0  0.00   8.5  35.0   11:46     W
25  31.4  34.4   14:40  25.9   04:22  33.6   0.0  0.02   5.8  24.0   21:43    SE
26  42.2  60.9   13:28  15.6   23:59  22.7   0.0  0.00   9.8  33.0   22:25   WNW
27   3.9  15.7   00:00  -5.4   23:59  61.1   0.0  0.00  14.8  33.0   04:28   NNW
28   5.7  20.2   17:14  -7.8   06:32  59.5   0.0  0.15   5.7  18.0   21:10   ESE
----------------------------------------------------------------------------------
    28.0  60.9    26    -7.8    28  1036.3   0.0  0.40   7.8  43.0    17     WNW

Max >=  80.0  0
Max <=  32.0  8
Min <=  32.0 26
Min <=   0.0  3
Max Rain: 0.15 on day 28
Days of Rain: 9 (>= 0.01 in)  1 (>= 0.10 in)  0 (>= 1.00 in)
Heat Base: 65.0  Cool Base: 65.0  Method: Integration