NOAA-Style Climate Reports


Report for 2022 August
                   Monthly Climatological Summary for Aug 2022

Name: Bismarckweather.net   City: Bismarck   State: ND
Elevation: 1913 ft  Lat: N 46° 54' 06"   Lon: W 100° 47' 03"

                  Temperature (°F), Rain (in), Wind Speed (mph)

                                      Heat  Cool        Avg
    Mean                              Deg   Deg         Wind                 Dom
Day Temp  High   Time   Low    Time   Days  Days  Rain  Speed High   Time    Dir
----------------------------------------------------------------------------------
01  72.3  88.1   17:39  57.0   06:31   1.9   9.2  0.00   8.4  24.0   13:51    SE
02  74.0  85.8   14:49  62.4   06:35   0.3   9.2  0.00   5.2  33.0   14:50    SE
03  68.7  80.7   18:14  56.7   07:10   1.2   4.9  0.00   6.4  21.0   08:44    NW
04  78.0  97.8   16:39  60.9   05:59   0.9  14.0  0.00  11.4  31.0   19:13   SSE
05  78.9  91.0   14:18  68.6   23:35   0.0  13.9  0.00   9.8  26.0   16:34   NNE
06  61.4  71.8   00:40  56.2   23:14   4.2   0.6  0.00   7.7  22.0   08:55   NNW
07  60.0  69.9   17:23  54.0   09:24   5.5   0.6  0.21   2.7  12.0   15:19    SE
08  70.7  89.2   18:09  52.6   05:30   3.8   9.4  0.00   5.9  19.0   17:24   SSE
09  74.5  89.0   14:23  59.8   07:04   0.6  10.1  0.00   7.0  23.0   13:33    NE
10  70.9  83.5   16:41  57.9   07:03   1.3   7.3  0.00   7.1  19.0   13:59   ENE
11  66.2  75.7   17:05  58.7   08:23   1.8   3.0  0.01  11.3  31.0   13:18     E
12  69.6  86.5   18:08  60.6   04:07   1.1   5.7  0.01   6.9  21.0   00:23    NE
13  70.5  83.3   18:15  61.0   03:46   0.7   6.2  0.00   4.6  18.0   14:41   ESE
14  73.4  86.7   17:26  63.4   04:41   0.2   8.6  0.40   7.2  18.0   05:24    SE
----------------------------------------------------------------------------------
    70.7  97.8     4    52.6     8    23.5 102.7  0.63   7.3  33.0     2       E

Max >=  80.0 11
Max <=  32.0  0
Min <=  32.0  0
Min <=   0.0  0
Max Rain: 0.40 on day 14
Days of Rain: 4 (>= 0.01 in)  2 (>= 0.10 in)  0 (>= 1.00 in)
Heat Base: 65.0  Cool Base: 65.0  Method: Integration