NOAA-Style Climate Reports


Report for 2020 November
                   Monthly Climatological Summary for Nov 2020

Name: Bismarckweather.net   City: Bismarck   State: ND
Elevation: 1913 ft  Lat: N 46° 54' 06"   Lon: W 100° 47' 03"

                  Temperature (°F), Rain (in), Wind Speed (mph)

                                      Heat  Cool        Avg
    Mean                              Deg   Deg         Wind                 Dom
Day Temp  High   Time   Low    Time   Days  Days  Rain  Speed High   Time    Dir
----------------------------------------------------------------------------------
01  34.1  48.4   15:29  21.3   04:56  32.2   0.0  0.00   6.3  25.0   14:16     S
02  50.2  70.2   16:17  35.4   00:54  15.2   0.5  0.00   5.2  14.0   19:48    SW
03  55.7  73.5   15:02  42.9   07:08  10.9   1.5  0.00   8.2  31.0   12:39   WSW
04  54.7  73.0   15:15  42.5   03:45  11.5   1.2  0.00   6.8  34.0   12:41     W
05  54.4  76.5   15:25  36.9   06:54  12.1   1.5  0.00   6.7  24.0   12:32     S
06  47.2  63.2   11:47  31.2   23:58  17.8   0.0  0.00   7.3  24.0   21:06   ENE
07  33.2  40.0   16:14  28.3   04:09  31.8   0.0  0.00   7.5  22.0   19:17     E
08  44.0  64.6   11:42  23.3   23:59  21.0   0.0  0.03  15.9  48.0   12:04   SSW
09  21.4  27.1   14:24  17.9   23:56  43.6   0.0  0.00  13.9  36.0   11:47     W
10  24.1  38.9   15:39  13.0   07:10  40.9   0.0  0.00   3.5  10.0   04:56   SSW
11  26.4  38.2   11:32  15.8   23:59  38.6   0.0  0.00  13.6  42.0   14:49     W
12  17.4  26.9   16:12   9.9   07:49  47.6   0.0  0.00  10.1  24.0   01:45     W
13  27.1  44.4   15:17  14.4   05:30  37.9   0.0  0.00   8.1  19.0   15:33    SE
14  35.3  48.3   12:47  26.5   06:00  29.7   0.0  0.00  13.7  41.0   23:09   WNW
15  30.1  38.7   15:24  24.2   07:05  34.9   0.0  0.00  13.1  45.0   02:17   WNW
16  30.2  36.6   03:03  19.5   23:37  34.8   0.0  0.00   8.5  25.0   11:26   WNW
17  31.6  49.2   14:28  18.0   03:29  33.4   0.0  0.00   9.6  24.0   18:46   ESE
18  41.0  60.6   15:00  28.7   05:24  23.9   0.0  0.00   5.6  24.0   00:19     E
19  33.7  45.0   02:03  27.0   09:29  31.3   0.0  0.14   3.9  17.0   23:57    NW
20  23.6  31.0   00:14  19.5   23:49  41.4   0.0  0.00   7.0  23.0   03:24   WNW
21  30.6  47.1   15:48  18.7   00:33  34.4   0.0  0.00   4.2  15.0   13:40   SSE
22  28.0  37.9   16:31  21.4   23:59  37.1   0.0  0.00   6.8  16.0   11:40   WNW
23  30.6  43.3   14:06  18.6   03:35  34.4   0.0  0.00  13.7  38.0   13:37   ESE
----------------------------------------------------------------------------------
    35.0  76.5     5     9.9    12   696.4   4.7  0.17   8.7  48.0     8     WSW

Max >=  80.0  0
Max <=  32.0  3
Min <=  32.0 19
Min <=   0.0  0
Max Rain: 0.14 on day 19
Days of Rain: 2 (>= 0.01 in)  1 (>= 0.10 in)  0 (>= 1.00 in)
Heat Base: 65.0  Cool Base: 65.0  Method: Integration