NOAA-Style Climate Reports


Report for 2019 July
                   Monthly Climatological Summary for Jul 2019

Name: Bismarckweather.net   City: Bismarck   State: ND
Elevation: 1913 ft  Lat: N 46 54 06   Lon: W 100 47 03

                  Temperature (°F), Rain (in), Wind Speed (mph)

                                      Heat  Cool        Avg
    Mean                              Deg   Deg         Wind                 Dom
Day Temp  High   Time   Low    Time   Days  Days  Rain  Speed High   Time    Dir
----------------------------------------------------------------------------------
01  71.7  81.0   16:32  62.6   06:00   0.4   7.1  0.00   5.8  17.0   13:39   ESE
02  71.2  86.0   15:13  59.8   06:12   0.9   7.0  0.34   7.4  25.0   17:27   NNE
03  66.7  77.6   13:15  58.8   23:52   1.5   3.2  0.10   6.8  23.0   01:05    NE
04  64.0  73.0   18:06  53.6   06:06   3.3   2.4  0.11   4.9  15.0   09:34   NNE
05  66.1  73.9   13:15  61.0   23:59   0.9   2.0  0.00   5.7  17.0   12:51   ENE
06  66.9  76.6   16:06  56.4   02:53   2.2   4.1  0.00   6.4  17.0   16:27   ESE
07  71.8  82.7   16:17  60.6   02:55   1.2   8.0  0.00  10.6  27.0   13:31    SE
08  72.3  84.7   15:54  64.3   22:57   0.0   7.3  0.12   8.1  35.0   16:09    SE
09  66.7  75.6   16:29  61.7   21:46   0.5   2.2  0.06  11.1  36.0   21:41   WSW
10  68.9  78.5   17:10  60.5   04:11   1.3   5.1  0.23  12.9  38.0   03:15    NW
11  74.3  87.8   18:35  59.2   06:11   1.1  10.5  0.00   8.0  23.0   09:49   SSE
12  75.0  85.0   16:11  64.1   07:02   0.0  10.0  0.00   4.0  14.0   02:00     N
13  76.7  87.5   17:06  64.3   04:04   0.1  11.8  0.03   5.1  17.0   02:05   ESE
14  79.6  90.0   17:45  71.2   03:37   0.0  14.6  0.00   6.3  21.0   03:58   SSE
15  76.5  88.9   16:09  62.1   06:29   0.1  11.6  0.06   8.3  48.0   03:03    NW
16  69.4  81.5   12:57  61.1   06:36   0.3   4.7  0.24   5.7  20.0   23:17   ENE
17  71.7  83.8   19:39  62.2   05:50   0.5   7.1  0.27   7.1  20.0   10:43    SW
----------------------------------------------------------------------------------
    71.1  90.0    14    53.6     4    14.3 118.7  1.56   7.3  48.0    15       E

Max >=  80.0 11
Max <=  32.0  0
Min <=  32.0  0
Min <=   0.0  0
Max Rain: 0.34 on day 2
Days of Rain: 10 (>= 0.01 in)  7 (>= 0.10 in)  0 (>= 1.00 in)
Heat Base: 65.0  Cool Base: 65.0  Method: Integration