NOAA-Style Climate Reports


Report for 2022 November
                   Monthly Climatological Summary for Nov 2022

Name: Bismarckweather.net   City: Bismarck   State: ND
Elevation: 1913 ft  Lat: N 46° 54' 05"   Lon: W 100° 47' 02"

                  Temperature (°F), Rain (in), Wind Speed (mph)

                                      Heat  Cool        Avg
    Mean                              Deg   Deg         Wind                 Dom
Day Temp  High   Time   Low    Time   Days  Days  Rain  Speed High   Time    Dir
----------------------------------------------------------------------------------
01  52.7  72.5   15:29  38.6   07:31  13.1   0.8  0.00   7.7  23.0   15:56    SE
02  57.6  75.4   16:16  42.2   23:57   9.2   1.8  0.00  10.0  32.0   22:28     S
03  33.1  42.4   00:11  25.1   23:57  31.9   0.0  0.00  13.9  35.0   09:51    NW
04  29.2  45.7   15:59  15.6   07:39  35.7   0.0  0.00   6.7  22.0   14:22   SSE
05  35.3  46.6   21:18  25.6   05:09  29.7   0.0  0.01  11.9  46.0   22:07   SSE
06  29.5  39.6   01:39  19.0   23:54  36.9   0.0  0.00  25.7  58.0   10:40     W
07  20.7  30.6   23:49  11.4   04:42  44.3   0.0  0.00  11.1  33.0   16:12   ESE
08  32.7  40.6   12:48  27.0   23:59  32.3   0.0  0.08  10.2  29.0   01:00   ESE
09  24.5  27.1   00:00  20.7   23:30  40.4   0.0  0.00  11.0  27.0   21:36     N
10  14.8  20.9   00:00  12.3   12:01  50.2   0.0  0.00  16.3  41.0   11:00   NNW
11  10.1  14.6   00:06   0.9   23:10  54.9   0.0  1.23   9.1  24.0   00:06    NW
12   1.9   5.8   14:23  -2.8   01:48  63.1   0.0  0.00   2.7  13.0   15:58   ESE
13   9.6  14.9   14:34   1.7   00:00  55.4   0.0  0.00   3.3  12.0   07:06   ESE
14  11.6  20.4   13:44   5.5   08:04  53.4   0.0  0.03   1.1   9.0   23:48   NNW
15  12.7  17.6   12:04   8.7   18:01  52.3   0.0  0.08   6.6  19.0   11:39   NNW
16  18.7  28.2   16:52   5.3   05:20  46.3   0.0  0.00  10.3  33.0   14:46   WNW
17  12.6  21.2   00:00   3.0   23:13  52.4   0.0  0.00  16.3  34.0   06:07    NW
18  11.3  19.1   22:45  -1.0   07:10  53.7   0.0  0.00  15.9  41.0   16:38     W
19  16.8  19.5   12:05  13.1   08:35  48.2   0.0  0.00  10.2  29.0   03:11   WNW
20  21.4  30.1   23:07  13.0   03:24  43.6   0.0  0.00  10.5  27.0   13:39     W
21  22.2  28.8   00:31  18.1   08:19  42.8   0.0  0.02   5.3  20.0   00:34   WNW
22  26.2  37.3   15:07  17.0   05:24  38.8   0.0  0.05   5.2  13.0   13:32    SW
23  29.6  36.2   13:23  23.4   07:12  35.4   0.0  0.00   6.7  19.0   22:10     N
24  30.9  36.3   15:42  24.8   08:20  34.1   0.0  0.00   7.4  23.0   11:07     W
25  37.1  44.9   14:49  28.7   00:16  27.9   0.0  0.00   6.0  15.0   14:29    SW
----------------------------------------------------------------------------------
    24.1  75.4     2    -2.8    12  1026.0   2.6  1.50   9.7  58.0     6     WNW

Max >=  80.0  0
Max <=  32.0 14
Min <=  32.0 23
Min <=   0.0  2
Max Rain: 1.23 on day 11
Days of Rain: 7 (>= 0.01 in)  1 (>= 0.10 in)  1 (>= 1.00 in)
Heat Base: 65.0  Cool Base: 65.0  Method: Integration