NOAA-Style Climate Reports


Report for 2022 June
                   Monthly Climatological Summary for Jun 2022

Name: Bismarckweather.net   City: Bismarck   State: ND
Elevation: 1913 ft  Lat: N 46° 54' 06"   Lon: W 100° 47' 03"

                  Temperature (°F), Rain (in), Wind Speed (mph)

                                      Heat  Cool        Avg
    Mean                              Deg   Deg         Wind                 Dom
Day Temp  High   Time   Low    Time   Days  Days  Rain  Speed High   Time    Dir
----------------------------------------------------------------------------------
01  56.0  69.0   16:09  40.3   06:39   9.8   0.8  0.00   8.7  34.0   14:11     W
02  57.7  70.0   15:56  41.3   06:33   8.3   1.0  0.00  11.4  40.0   17:24   WNW
03  59.6  75.1   17:55  39.7   06:09   8.4   3.0  0.00   4.4  20.0   15:49   WSW
04  63.1  76.8   16:54  45.4   06:43   5.5   3.6  0.00   3.5  16.0   18:15   ESE
05  60.3  71.7   12:00  50.0   06:24   5.9   1.2  0.06   5.8  19.0   23:52   ESE
06  54.2  60.7   16:39  49.4   06:09  10.8   0.0  0.00   6.8  27.0   01:53   ENE
07  56.4  67.8   19:45  48.1   06:40   8.7   0.1  0.01   3.2  10.0   03:56   WNW
08  62.5  74.4   16:16  52.4   05:39   4.6   2.2  0.00   2.7  12.0   13:31   WNW
09  64.2  74.2   14:51  51.9   06:47   3.8   3.0  0.00   4.7  19.0   18:39     S
10  68.2  81.3   19:07  54.1   05:34   2.7   5.8  0.00   5.8  22.0   19:21    SE
11  71.4  85.1   17:05  61.0   06:27   0.6   7.0  0.00   7.1  22.0   15:04     N
12  69.8  82.9   14:13  59.8   06:32   1.0   5.8  0.00   6.3  22.0   09:47   WSW
13  69.6  79.8   17:49  59.6   05:33   1.3   5.9  0.69   7.4  40.0   02:44   ENE
14  64.9  72.4   15:11  57.1   23:55   1.4   1.4  0.03  12.1  35.0   16:03     W
15  58.7  67.8   13:48  46.6   06:15   6.4   0.2  0.00  16.2  56.0   18:55    SW
16  65.9  75.6   17:41  59.3   07:09   2.2   3.1  0.00  17.1  47.0   00:26     W
17  70.3  84.6   16:12  54.6   05:48   2.8   8.1  0.00  11.1  33.0   18:44   ESE
18  81.8  96.8   16:53  68.9   02:09   0.0  16.8  0.00  16.4  40.0   13:45    SE
19  85.3  95.5   15:14  74.1   06:39   0.0  20.3  0.00  10.6  35.0   15:40     S
20  69.2  80.3   17:42  57.9   23:59   0.7   4.9  1.32   7.3  46.0   01:12    NW
21  63.2  73.1   15:22  52.5   05:52   4.0   2.2  0.01  13.5  39.0   15:34     W
22  70.3  83.2   18:31  55.9   06:28   2.4   7.7  0.00   5.5  21.0   15:45   SSW
23  78.2  91.9   16:27  60.9   05:43   0.4  13.6  0.00   4.8  16.0   15:29    SE
24  72.7  88.4   12:53  58.5   23:57   0.6   8.3  0.00   8.9  44.0   17:36     N
----------------------------------------------------------------------------------
    66.4  96.8    18    39.7     3    92.3 126.0  2.12   8.4  56.0    15     WSW

Max >=  80.0 10
Max <=  32.0  0
Min <=  32.0  0
Min <=   0.0  0
Max Rain: 1.32 on day 20
Days of Rain: 6 (>= 0.01 in)  2 (>= 0.10 in)  1 (>= 1.00 in)
Heat Base: 65.0  Cool Base: 65.0  Method: Integration