NOAA-Style Climate Reports


Report for 2021 June
                   Monthly Climatological Summary for Jun 2021

Name: Bismarckweather.net   City: Bismarck   State: ND
Elevation: 1913 ft  Lat: N 46° 54' 06"   Lon: W 100° 47' 03"

                  Temperature (°F), Rain (in), Wind Speed (mph)

                                      Heat  Cool        Avg
    Mean                              Deg   Deg         Wind                 Dom
Day Temp  High   Time   Low    Time   Days  Days  Rain  Speed High   Time    Dir
----------------------------------------------------------------------------------
01  68.0  82.6   17:12  55.1   05:28   2.8   5.8  0.00   5.8  19.0   01:20    NW
02  72.6  87.1   17:40  56.0   06:33   1.8   9.4  0.00   5.4  20.0   15:30   WNW
03  79.9  95.5   16:49  62.0   05:23   0.3  15.3  0.00   6.5  24.0   12:58     W
04  85.1 102.7   16:11  66.9   06:18   0.0  20.1  0.00   7.9  42.0   18:51   WSW
05  85.0 100.9   15:55  65.8   07:09   0.0  20.0  0.00   5.8  24.0   16:11     S
06  73.7  83.2   00:39  61.9   23:58   0.0   8.7  0.00  13.8  47.0   02:27    NW
07  75.8  95.3   17:38  54.5   02:52   2.3  13.1  0.00   9.4  29.0   12:14   ESE
08  70.9  81.4   16:25  65.5   21:28   0.0   5.9  0.43  15.0  55.0   22:33     E
09  75.8  88.7   18:40  64.9   03:52   0.0  10.8  0.24   4.3  26.0   05:24     S
10  79.7  93.4   19:51  66.5   05:41   0.0  14.7  0.00  12.7  38.0   18:16     E
11  67.0  83.0   01:10  58.0   23:59   1.2   3.1  0.36  17.3  45.0   07:14     W
12  69.9  84.9   18:10  52.1   05:05   3.5   8.4  0.00   5.2  18.0   12:37   SSW
13  73.7  87.2   16:32  57.8   04:56   0.9   9.6  0.00   8.8  27.0   08:05   NNE
14  75.1  88.3   15:40  59.9   06:30   0.7  10.8  0.00   7.1  19.0   18:50     E
15  76.4  91.1   15:58  59.2   06:03   0.9  12.3  0.00  12.6  30.0   18:43   ESE
16  77.9  89.9   15:27  64.6   23:59   0.0  12.9  0.00  13.9  38.0   13:51    NW
17  73.0  87.2   16:32  54.5   06:06   1.8   9.8  0.00   6.1  23.0   13:56   WNW
18  68.3  80.4   13:28  55.1   05:49   2.2   5.5  0.00   9.7  37.0   14:02    NW
19  68.9  85.2   17:31  50.9   06:09   3.8   7.7  0.06   4.8  20.0   23:59   SSW
20  62.5  71.5   15:15  53.6   23:58   3.7   1.2  0.53  13.4  37.0   00:55   NNW
21  57.3  68.8   18:20  44.0   04:52   8.2   0.5  0.00   6.2  22.0   12:14    NW
22  69.0  85.8   18:12  49.6   06:27   4.1   8.2  0.00   5.5  22.0   12:22   SSE
23  78.6  97.0   14:17  63.5   03:43   0.0  13.6  0.00  11.1  32.0   15:02   WSW
----------------------------------------------------------------------------------
    73.2 102.7     4    44.0    21    38.2 227.4  1.62   9.1  55.0     8     WNW

Max >=  80.0 21
Max <=  32.0  0
Min <=  32.0  0
Min <=   0.0  0
Max Rain: 0.53 on day 20
Days of Rain: 5 (>= 0.01 in)  4 (>= 0.10 in)  0 (>= 1.00 in)
Heat Base: 65.0  Cool Base: 65.0  Method: Integration