NOAA-Style Climate Reports


Report for 2021 May
                   Monthly Climatological Summary for May 2021

Name: Bismarckweather.net   City: Bismarck   State: ND
Elevation: 1913 ft  Lat: N 46° 54' 06"   Lon: W 100° 47' 03"

                  Temperature (°F), Rain (in), Wind Speed (mph)

                                      Heat  Cool        Avg
    Mean                              Deg   Deg         Wind                 Dom
Day Temp  High   Time   Low    Time   Days  Days  Rain  Speed High   Time    Dir
----------------------------------------------------------------------------------
01  67.2  81.6   15:49  51.2   05:51   3.4   5.6  0.00  10.4  38.0   12:55   WNW
02  54.4  62.9   00:00  42.4   22:50  10.6   0.0  0.00   9.0  27.0   15:54   NNE
03  46.1  55.2   16:05  36.1   23:59  18.9   0.0  0.00  11.5  30.0   12:20   NNW
04  44.6  60.2   18:19  26.4   04:37  20.4   0.0  0.00   4.8  18.0   19:45     E
05  45.9  55.9   16:27  35.4   07:01  19.1   0.0  0.11   8.6  26.0   04:19   ESE
06  51.0  67.5   16:40  34.0   07:03  14.2   0.1  0.00   9.4  35.0   16:21   WNW
07  46.7  59.4   16:51  31.2   06:41  18.3   0.0  0.00  10.8  24.0   12:08     E
08  40.5  46.6   00:00  34.5   22:19  24.5   0.0  0.26   8.8  28.0   11:15   ESE
09  45.4  59.4   18:38  32.7   04:45  19.6   0.0  0.00   6.6  21.0   15:25   NNE
10  46.9  60.6   16:44  28.3   06:29  18.1   0.0  0.00   5.5  18.0   13:43    NE
11  51.3  65.5   18:00  32.0   06:49  13.7   0.0  0.00   5.0  15.0   13:56    SE
12  56.6  72.1   16:31  39.5   06:47   9.5   1.2  0.00   7.3  25.0   11:31   SSE
13  57.6  72.4   17:20  41.7   06:49   8.7   1.3  0.00   7.1  20.0   11:17     S
14  59.1  75.1   15:40  39.7   06:54   8.8   2.8  0.00   4.5  24.0   16:05   NNE
15  65.0  79.6   16:10  46.9   05:43   4.8   4.7  0.00   5.7  25.0   22:06   SSE
16  67.0  79.6   15:30  51.9   06:06   3.2   5.2  0.00   8.7  25.0   14:30   SSE
17  66.9  79.6   15:48  51.4   06:48   3.3   5.1  0.00  11.9  33.0   15:53   SSE
----------------------------------------------------------------------------------
    53.7  81.6     1    26.4     4   219.1  26.0  0.37   8.0  38.0     1       E

Max >=  80.0  1
Max <=  32.0  0
Min <=  32.0  4
Min <=   0.0  0
Max Rain: 0.26 on day 8
Days of Rain: 2 (>= 0.01 in)  2 (>= 0.10 in)  0 (>= 1.00 in)
Heat Base: 65.0  Cool Base: 65.0  Method: Integration