NOAA-Style Climate Reports


Report for 2021 January
                   Monthly Climatological Summary for Jan 2021

Name: Bismarckweather.net   City: Bismarck   State: ND
Elevation: 1913 ft  Lat: N 46° 54' 06"   Lon: W 100° 47' 03"

                  Temperature (°F), Rain (in), Wind Speed (mph)

                                      Heat  Cool        Avg
    Mean                              Deg   Deg         Wind                 Dom
Day Temp  High   Time   Low    Time   Days  Days  Rain  Speed High   Time    Dir
----------------------------------------------------------------------------------
01  23.8  36.5   16:08  12.3   08:04  41.2   0.0  0.07   2.7   8.0   05:06   SSE
02  27.7  39.1   14:53  16.0   07:28  37.3   0.0  0.02   5.1  13.0   13:12   SSE
03  36.4  44.6   16:13  26.0   08:53  28.6   0.0  0.00   5.9  30.0   23:47   SSW
04  34.5  42.2   16:34  28.5   09:11  30.5   0.0  0.00   9.1  30.0   00:10     W
05  30.7  37.4   14:43  22.9   06:06  34.3   0.0  0.00   7.1  18.0   11:19     E
06  31.3  33.5   00:10  28.9   08:23  33.7   0.0  0.00   6.1  18.0   03:04   NNW
07  32.2  34.0   12:29  30.8   00:00  32.8   0.0  0.00   6.3  14.0   08:50   SSE
08  31.8  33.3   13:53  30.4   23:54  33.2   0.0  0.01   1.4   5.0   00:05   ESE
09  30.4  32.6   13:52  28.1   23:54  34.6   0.0  0.01   2.8  10.0   10:55     N
10  31.2  39.6   15:58  25.7   04:48  33.8   0.0  0.00   7.6  24.0   08:23   SSW
11  30.7  40.3   15:44  22.2   04:35  34.3   0.0  0.00   7.8  22.0   12:28     W
12  37.5  49.9   14:59  28.8   05:58  27.5   0.0  0.00   6.8  23.0   13:51   WSW
13  40.1  47.7   15:32  33.3   07:33  24.9   0.0  0.10   7.7  44.0   20:27   WSW
14  31.6  38.6   00:04  26.7   22:17  33.4   0.0  0.00  30.9  69.0   05:25   WNW
15  22.5  26.8   00:00  18.5   23:28  42.3   0.0  0.00  17.2  47.0   00:23    NW
16  26.8  39.5   15:51  18.0   02:48  38.2   0.0  0.00   9.9  31.0   15:37   WNW
17  26.4  31.6   15:05  22.8   08:36  38.6   0.0  0.00   8.4  28.0   00:01   WNW
18  24.1  29.8   23:59  20.3   15:08  40.9   0.0  0.00   6.6  27.0   19:30   WNW
19  20.7  31.3   01:39  14.3   08:44  44.3   0.0  0.00  12.4  42.0   02:11   WNW
20  34.3  39.2   14:18  25.9   00:00  30.6   0.0  0.00  18.2  54.0   13:10     W
21  21.1  29.5   00:10  12.4   23:30  43.9   0.0  0.00  13.8  35.0   10:08    NW
22  19.0  25.8   15:01  12.4   00:04  46.0   0.0  0.00   6.2  18.0   08:31     W
23  19.1  31.1   13:53   7.9   23:48  45.9   0.0  0.00   7.3  22.0   16:26     N
24   9.2  21.1   16:14  -2.3   06:09  55.8   0.0  0.00   8.7  28.0   17:50   ESE
25   9.3  14.6   00:01   3.2   23:51  55.7   0.0  0.00   9.8  20.0   10:27   ENE
----------------------------------------------------------------------------------
    27.3  49.9    12    -2.3    24   942.3   0.0  0.21   9.0  69.0    14     WNW

Max >=  80.0  0
Max <=  32.0  9
Min <=  32.0 24
Min <=   0.0  1
Max Rain: 0.10 on day 13
Days of Rain: 5 (>= 0.01 in)  1 (>= 0.10 in)  0 (>= 1.00 in)
Heat Base: 65.0  Cool Base: 65.0  Method: Integration