NOAA-Style Climate Reports


Report for 2020 March
                   Monthly Climatological Summary for Mar 2020

Name: Bismarckweather.net   City: Bismarck   State: ND
Elevation: 1913 ft  Lat: N 46 54 06   Lon: W 100 47 03

                  Temperature (°F), Rain (in), Wind Speed (mph)

                                      Heat  Cool        Avg
    Mean                              Deg   Deg         Wind                 Dom
Day Temp  High   Time   Low    Time   Days  Days  Rain  Speed High   Time    Dir
----------------------------------------------------------------------------------
01  30.1  38.6   00:00  21.0   23:58  34.9   0.0  0.00  18.1  49.0   10:12   WNW
02  30.1  43.9   16:30  17.7   03:14  34.9   0.0  0.00  11.8  42.0   18:33   WSW
03  34.4  40.5   16:03  26.2   07:34  30.6   0.0  0.00   8.4  28.0   01:32   WNW
04  36.7  54.0   15:25  27.8   03:48  28.3   0.0  0.01  10.9  40.0   22:22   WSW
05  33.8  39.6   16:46  27.3   23:57  31.2   0.0  0.03  13.7  50.0   03:47    NW
06  35.0  46.1   14:51  26.8   06:45  30.0   0.0  0.00  11.6  29.0   10:42    SE
07  41.3  57.7   15:07  29.7   07:19  23.7   0.0  0.00   7.4  15.0   13:35     E
08  29.1  37.5   00:00  23.4   23:51  34.4   0.0  0.00  11.6  27.0   13:09   NNW
09  25.0  35.6   17:30  18.8   06:50  40.1   0.0  0.00   5.0  22.0   00:35   NNW
10  30.9  43.0   14:33  22.7   07:35  34.1   0.0  0.02   4.5  23.0   15:32    SE
11  39.7  51.9   15:54  27.9   04:59  25.3   0.0  0.01   8.2  27.0   15:57    SW
12  33.6  40.6   00:00  25.9   23:59  31.4   0.0  0.00  15.3  43.0   15:18   WNW
13  22.9  29.4   16:54  17.3   07:48  41.9   0.0  0.00   8.6  25.0   11:34   NNW
14  20.8  27.3   17:12  15.6   08:06  44.1   0.0  0.00  12.7  26.0   08:56     E
15  25.8  30.8   21:53  20.0   03:40  39.2   0.0  0.00  10.2  27.0   13:44   ESE
16  25.1  30.7   00:00  19.5   08:22  39.9   0.0  0.00  11.3  30.0   20:04   WNW
17  27.2  41.9   17:10  11.4   08:06  37.8   0.0  0.00   7.4  23.0   19:26     S
18  30.7  34.0   00:00  22.6   23:56  34.3   0.0  0.00   6.3  19.0   19:41    NE
19  16.9  22.6   00:00   9.2   23:34  48.2   0.0  0.00  12.8  30.0   17:30     N
20  15.5  27.1   16:21   2.6   08:09  49.5   0.0  0.00   5.2  18.0   17:32   ESE
21  27.0  40.8   17:43  19.1   08:11  38.0   0.0  0.00  12.4  25.0   09:44    SE
22  30.7  45.7   17:51  15.2   08:09  34.3   0.0  0.00   6.7  19.0   11:04     N
23  39.7  56.1   16:04  25.9   06:20  25.4   0.0  0.00   9.1  26.0   15:25    SE
24  42.5  59.2   15:17  31.5   23:57  22.5   0.0  0.00  10.5  34.0   16:58   WSW
25  30.3  38.4   17:29  25.2   23:59  34.8   0.0  0.00   6.8  25.0   01:58   NNW
26  33.8  48.9   17:59  21.9   04:14  31.2   0.0  0.00   5.8  17.0   20:51     S
27  42.7  57.9   17:01  30.5   00:32  22.3   0.0  0.00   7.4  21.0   14:33   SSW
28  43.3  59.6   17:42  30.5   07:10  21.7   0.0  0.00   6.8  23.0   17:53   ENE
----------------------------------------------------------------------------------
    31.2  59.6    28     2.6    20   944.0   0.0  0.07   9.5  50.0     5     WNW

Max >=  80.0  0
Max <=  32.0  6
Min <=  32.0 28
Min <=   0.0  0
Max Rain: 0.03 on day 5
Days of Rain: 4 (>= 0.01 in)  0 (>= 0.10 in)  0 (>= 1.00 in)
Heat Base: 65.0  Cool Base: 65.0  Method: Integration