NOAA-Style Climate Reports


Report for 2019 December
                   Monthly Climatological Summary for Dec 2019

Name: Bismarckweather.net   City: Bismarck   State: ND
Elevation: 1913 ft  Lat: N 46 54 06   Lon: W 100 47 03

                  Temperature (°F), Rain (in), Wind Speed (mph)

                                      Heat  Cool        Avg
    Mean                              Deg   Deg         Wind                 Dom
Day Temp  High   Time   Low    Time   Days  Days  Rain  Speed High   Time    Dir
----------------------------------------------------------------------------------
01  20.5  23.5   00:00  16.7   23:40  44.5   0.0  0.66   9.2  25.0   03:16    NW
02  23.5  32.6   23:08  13.9   03:29  41.5   0.0  0.01   5.0  18.0   20:50    SW
03  32.2  38.7   14:37  25.8   05:06  32.8   0.0  0.25   7.9  28.0   14:24     W
04  31.0  40.3   14:39  24.1   08:23  34.0   0.0  0.00   5.5  19.0   01:21    SW
05  27.7  33.5   06:58  22.9   23:54  37.3   0.0  0.00   8.9  28.0   07:36    NW
06  24.8  30.5   15:29  17.9   03:28  40.2   0.0  0.00   6.7  25.0   07:49     S
07  27.6  36.0   23:45  21.3   08:14  37.4   0.0  0.00   4.1  12.0   03:39    SE
08  13.6  35.0   00:00   0.4   22:42  51.6   0.0  0.00  11.7  28.0   16:31   NNE
09   4.3  16.4   18:15  -6.9   05:54  60.7   0.0  0.00   8.1  31.0   20:51    NW
10  -3.2   4.5   21:26 -14.7   08:36  68.1   0.0  0.00   5.4  24.0   00:32   WNW
11  -0.5   7.8   20:41 -11.1   07:11  65.5   0.0  0.00   7.0  21.0   18:58   ESE
12   8.8  14.3   23:15   4.7   00:02  56.2   0.0  0.00   7.9  20.0   23:05   ESE
13  13.9  26.4   07:52  -0.3   23:57  51.1   0.0  0.00  11.9  31.0   11:32    NW
14  -1.9   4.5   23:54  -8.7   07:47  67.1   0.0  0.00   5.0  15.0   00:43   ESE
----------------------------------------------------------------------------------
    15.9  40.3     4   -14.7    10   688.0   0.0  0.92   7.5  31.0     9      NW

Max >=  80.0  0
Max <=  32.0  8
Min <=  32.0 14
Min <=   0.0  5
Max Rain: 0.66 on day 1
Days of Rain: 3 (>= 0.01 in)  2 (>= 0.10 in)  0 (>= 1.00 in)
Heat Base: 65.0  Cool Base: 65.0  Method: Integration