NOAA-Style Climate Reports


Report for 2019 November
                   Monthly Climatological Summary for Nov 2019

Name: Bismarckweather.net   City: Bismarck   State: ND
Elevation: 1913 ft  Lat: N 46 54 06   Lon: W 100 47 03

                  Temperature (°F), Rain (in), Wind Speed (mph)

                                      Heat  Cool        Avg
    Mean                              Deg   Deg         Wind                 Dom
Day Temp  High   Time   Low    Time   Days  Days  Rain  Speed High   Time    Dir
----------------------------------------------------------------------------------
01  35.0  37.5   12:38  32.7   06:07  30.0   0.0  0.00  14.2  35.0   16:31   WNW
02  34.1  46.9   15:34  23.4   08:53  30.9   0.0  0.00   4.2  15.0   15:59   WSW
03  33.7  40.3   13:44  27.7   07:17  32.6   0.0  0.02   4.1  20.0   15:47   WNW
04  24.2  32.8   00:00  11.3   23:52  41.0   0.0  0.00  10.0  30.0   08:59    NW
05  21.9  28.6   14:10  11.3   00:00  43.0   0.0  0.00   2.5  11.0   14:26   SSE
06  16.1  27.0   01:27   7.0   22:54  48.9   0.0  0.00   9.0  32.0   01:49   NNW
07  15.4  26.7   15:05   5.3   07:28  49.6   0.0  0.00   4.7  14.0   14:38    SE
08  32.8  51.5   15:30  17.2   00:57  32.2   0.0  0.00   7.2  18.0   20:02    SW
09  35.5  46.1   13:34  21.4   23:51  29.5   0.0  0.00   6.7  28.0   20:39   NNW
10  14.2  21.4   00:00   2.8   23:36  50.8   0.0  0.00   9.8  26.0   00:01   NNW
11   2.6   5.9   10:55  -3.4   23:25  62.7   0.0  0.17   6.8  22.0   02:03   WNW
12  14.8  26.2   15:26  -2.5   00:25  50.2   0.0  0.01   5.4  20.0   09:33   SSE
----------------------------------------------------------------------------------
    23.4  51.5     8    -3.4    11   501.4   0.0  0.20   7.0  35.0     1     WNW

Max >=  80.0  0
Max <=  32.0  6
Min <=  32.0 11
Min <=   0.0  2
Max Rain: 0.17 on day 11
Days of Rain: 3 (>= 0.01 in)  1 (>= 0.10 in)  0 (>= 1.00 in)
Heat Base: 65.0  Cool Base: 65.0  Method: Integration