NOAA-Style Climate Reports


Report for 2019 April
                   Monthly Climatological Summary for Apr 2019

Name: Bismarckweather.net   City: Bismarck   State: ND
Elevation: 1913 ft  Lat: N 46 54 06   Lon: W 100 47 03

                  Temperature (°F), Rain (in), Wind Speed (mph)

                                      Heat  Cool        Avg
    Mean                              Deg   Deg         Wind                 Dom
Day Temp  High   Time   Low    Time   Days  Days  Rain  Speed High   Time    Dir
----------------------------------------------------------------------------------
01  35.8  46.0   16:30  28.3   01:57  29.1   0.0  0.00   5.4  24.0   17:19     W
02  36.5  43.5   18:28  30.0   02:43  28.5   0.0  0.02  11.7  36.0   13:31   WNW
03  32.9  43.6   17:04  22.7   08:12  32.1   0.0  0.00   8.7  24.0   14:25   ESE
04  39.4  51.0   18:32  30.3   00:00  25.6   0.0  0.00  11.9  29.0   10:20   SSE
05  43.2  53.3   13:06  36.6   23:50  21.8   0.0  0.00   8.1  27.0   23:36   ENE
06  40.4  49.4   17:43  34.2   04:21  24.6   0.0  0.07   9.8  24.0   12:50     E
07  52.9  66.7   16:30  39.7   05:10  12.1   0.1  0.02  10.8  35.0   12:57     W
08  52.9  63.5   14:26  43.0   07:30  12.1   0.0  0.00  11.0  42.0   14:54    NW
09  36.5  44.6   00:00  27.6   23:57  28.5   0.0  0.00   9.0  24.0   11:16   ENE
10  26.1  31.6   16:10  21.7   04:48  38.9   0.0  0.00  12.3  25.0   01:08    NE
11  28.7  32.9   14:42  26.3   07:27  36.3   0.0  0.00  15.3  35.0   12:42   NNE
12  30.5  39.3   17:46  24.2   06:16  34.5   0.0  0.18  13.8  31.0   14:07   NNW
13  36.8  51.8   16:15  20.8   06:43  28.2   0.0  0.00   5.4  22.0   19:40     S
14  36.8  49.6   16:33  25.4   05:16  28.2   0.0  0.00  14.6  37.0   11:48    SE
15  44.7  60.5   15:15  30.1   05:16  20.3   0.0  0.00   8.4  28.0   14:41   WSW
16  49.0  64.0   13:00  35.2   04:07  16.0   0.0  0.13   4.2  26.0   18:02     E
17  42.4  47.2   19:34  38.9   22:55  22.6   0.0  0.31   4.8  18.0   03:53     E
18  42.1  56.8   18:08  31.7   07:44  22.9   0.0  0.02   5.5  20.0   15:21    NW
19  56.5  77.5   17:18  35.9   06:32  11.4   2.9  0.00   7.4  29.0   13:39   SSW
20  60.4  75.2   14:11  50.1   03:36   6.6   1.9  0.00   8.3  31.0   19:02   NNE
21  51.6  63.3   15:25  42.4   06:29  13.4   0.0  0.00   8.9  23.0   14:47    NE
22  53.1  66.5   16:44  36.4   06:30  12.0   0.1  0.00   5.8  24.0   12:24     N
23  56.4  74.2   16:26  37.7   06:38  10.7   2.1  0.00  10.3  37.0   12:55     S
----------------------------------------------------------------------------------
    42.9  77.5    19    20.8    13   516.4   7.1  0.75   9.2  42.0     8      NE

Max >=  80.0  0
Max <=  32.0  1
Min <=  32.0 12
Min <=   0.0  0
Max Rain: 0.31 on day 17
Days of Rain: 7 (>= 0.01 in)  3 (>= 0.10 in)  0 (>= 1.00 in)
Heat Base: 65.0  Cool Base: 65.0  Method: Integration