NOAA-Style Climate Reports


Report for 2019 March
                   Monthly Climatological Summary for Mar 2019

Name: Bismarckweather.net   City: Bismarck   State: ND
Elevation: 1913 ft  Lat: N 46 54 06   Lon: W 100 47 03

                  Temperature (°F), Rain (in), Wind Speed (mph)

                                      Heat  Cool        Avg
    Mean                              Deg   Deg         Wind                 Dom
Day Temp  High   Time   Low    Time   Days  Days  Rain  Speed High   Time    Dir
----------------------------------------------------------------------------------
01  10.1  17.3   12:59   2.1   23:58  54.9   0.0  0.00   4.2  14.0   23:23   NNW
02  -7.4   2.1   00:00 -16.3   22:23  72.4   0.0  0.46  11.3  27.0   15:28   WNW
03  -8.5   0.3   16:55 -17.2   06:18  73.5   0.0  0.00  17.1  34.0   14:33     W
04   3.0  10.4   16:30  -6.4   06:17  62.0   0.0  0.00  19.2  39.0   14:38   WNW
05   9.2  19.7   16:46   0.8   07:14  55.8   0.0  0.04  11.6  24.0   10:54     W
06   3.9  10.3   16:21  -2.5   23:45  61.1   0.0  0.00   6.8  21.0   07:58    NW
07   5.6  13.5   14:21  -5.6   03:10  59.4   0.0  0.00   7.9  22.0   20:01    SE
08  17.4  25.4   14:34  12.4   00:00  47.5   0.0  0.01   4.4  13.0   00:00   SSE
09  20.2  23.3   12:04  16.0   23:58  44.8   0.0  0.00  10.0  29.0   15:28    NW
10  14.0  22.4   16:53   5.5   07:07  48.8   0.0  0.68   5.6  14.0   00:15     W
11  10.9  29.2   18:40  -5.4   08:13  54.1   0.0  0.00   4.0  21.0   18:38    SE
12  23.8  39.1   18:25  12.7   08:08  41.2   0.0  0.19   3.9  12.0   01:57   SSE
13  25.3  31.6   15:23  16.1   07:08  39.7   0.0  0.00  11.3  35.0   19:39   NNW
14  29.0  31.6   15:19  23.5   23:55  36.1   0.0  0.00  21.9  50.0   05:27    NW
15  25.2  32.9   18:07  16.2   07:34  39.8   0.0  0.00   6.6  20.0   02:47     W
16  26.3  34.0   19:30  20.9   09:01  38.6   0.0  0.00   5.0  18.0   12:59   WSW
17  26.3  35.1   17:34  17.8   02:39  38.7   0.0  0.00   5.8  14.0   09:57   WNW
18  27.0  36.7   18:03  15.9   06:49  38.0   0.0  0.00   5.3  15.0   11:48    SW
19  31.1  38.4   18:38  23.0   06:37  33.9   0.0  0.00   6.6  16.0   17:35     W
20  36.8  46.9   19:19  29.3   08:12  28.2   0.0  0.00   6.3  22.0   04:24   WNW
21  35.6  47.1   16:35  26.2   06:24  29.4   0.0  0.00   4.3  12.0   13:37     N
22  30.9  39.0   16:32  22.9   08:11  34.1   0.0  0.00   7.3  17.0   14:48   ESE
23  34.8  47.4   15:40  25.4   06:22  30.0   0.0  0.00   5.9  12.0   00:05   ESE
24  30.1  36.9   03:57  23.6   23:39  34.9   0.0  0.00   9.0  24.0   04:34    NE
25  26.9  31.5   18:14  23.0   02:43  38.1   0.0  0.00   4.9  11.0   00:02   ESE
----------------------------------------------------------------------------------
    19.5  47.4    23   -17.2     3  1135.0   0.0  1.38   8.3  50.0    14     WNW

Max >=  80.0  0
Max <=  32.0 14
Min <=  32.0 25
Min <=   0.0  6
Max Rain: 0.68 on day 10
Days of Rain: 5 (>= 0.01 in)  3 (>= 0.10 in)  0 (>= 1.00 in)
Heat Base: 65.0  Cool Base: 65.0  Method: Integration