NOAA-Style Climate Reports


Report for 2019 February
                   Monthly Climatological Summary for Feb 2019

Name: Bismarckweather.net   City: Bismarck   State: ND
Elevation: 1913 ft  Lat: N 46 54 06   Lon: W 100 47 03

                  Temperature (°F), Rain (in), Wind Speed (mph)

                                      Heat  Cool        Avg
    Mean                              Deg   Deg         Wind                 Dom
Day Temp  High   Time   Low    Time   Days  Days  Rain  Speed High   Time    Dir
----------------------------------------------------------------------------------
01  25.2  41.1   15:42   6.9   00:00  39.8   0.0  0.01   6.3  17.0   04:24    SE
02  12.0  24.0   00:00   7.7   06:25  53.0   0.0  0.00   8.8  23.0   07:22     E
03  -1.4  11.1   00:00  -8.8   23:21  66.4   0.0  0.00  12.8  27.0   04:32   NNW
04  -9.1  -6.2   12:25 -13.0   20:10  74.1   0.0  0.26  10.9  27.0   08:20   NNW
05  -7.0  -4.1   16:12 -10.3   05:24  72.0   0.0  0.00   6.1  15.0   02:36   ENE
06  -5.8  -2.5   13:32  -9.1   22:28  70.8   0.0  0.00   9.1  20.0   18:29   NNW
07 -11.5  -8.2   00:00 -18.9   23:57  76.5   0.0  0.00  14.3  30.0   15:34    NW
08 -16.6  -5.3   15:06 -26.5   07:14  81.6   0.0  0.00   5.4  19.0   00:39   NNE
09  -6.1  -2.5   13:58  -9.6   23:30  71.1   0.0  0.00  11.2  27.0   03:54   ENE
10  -5.4   0.8   14:36  -9.7   00:15  70.4   0.0  0.18   7.7  19.0   22:36   ENE
11   1.8   8.7   16:47  -9.8   00:01  63.2   0.0  0.00   8.9  24.0   05:02     E
12  -6.8  -1.0   15:07 -12.7   05:50  71.8   0.0  0.26   7.5  23.0   08:43   WNW
13  -1.5  10.6   14:41 -12.6   03:15  66.5   0.0  0.00   7.5  21.0   21:39    NE
14  -4.6   1.9   00:27 -13.9   23:59  69.6   0.0  0.00  13.0  27.0   13:24    NW
15  -9.5  -0.8   15:24 -19.3   07:49  74.5   0.0  0.00   4.5  17.0   21:59     E
16   6.0   9.1   17:19  -0.8   00:00  59.3   0.0  0.00  11.6  22.0   12:05     E
17   5.8  10.5   14:01  -3.1   23:50  59.2   0.0  0.00   7.8  17.0   00:01     N
18  -1.3   8.4   15:12 -11.1   07:21  66.3   0.0  0.00   2.4   8.0   21:07     W
19  -2.9   5.4   15:01 -12.8   07:56  67.9   0.0  0.00   4.5  13.0   16:35   ESE
20   9.8  16.2   11:45   4.5   00:34  55.2   0.0  0.00   6.9  15.0   02:12   NNE
21   6.2  12.9   15:29  -2.3   23:40  58.8   0.0  0.00   4.3  10.0   01:19   WNW
----------------------------------------------------------------------------------
    -1.1  41.1     1   -26.5     8  1388.0   0.0  0.71   8.2  30.0     7     NNE

Max >=  80.0  0
Max <=  32.0 20
Min <=  32.0 21
Min <=   0.0 18
Max Rain: 0.26 on day 4
Days of Rain: 4 (>= 0.01 in)  3 (>= 0.10 in)  0 (>= 1.00 in)
Heat Base: 65.0  Cool Base: 65.0  Method: Integration