NOAA-Style Climate Reports


Report for 2018 May
                   Monthly Climatological Summary for May 2018

Name: Bismarckweather.net   City: Bismarck   State: ND
Elevation: 1913 ft  Lat: N 46 54 06   Lon: W 100 47 03

                  Temperature (°F), Rain (in), Wind Speed (mph)

                                      Heat  Cool        Avg
    Mean                              Deg   Deg         Wind                 Dom
Day Temp  High   Time   Low    Time   Days  Days  Rain  Speed High   Time    Dir
----------------------------------------------------------------------------------
01  42.5  52.8   19:06  35.8   05:30  22.5   0.0  0.07   5.6  19.0   02:06   NNW
02  53.3  67.4   13:31  39.3   05:09  11.9   0.1  0.00   7.7  34.0   14:32     W
03  58.0  73.4   15:39  41.7   07:04   9.1   2.1  0.00   6.7  31.0   16:05   WSW
04  63.6  79.7   15:53  44.4   03:22   6.8   5.4  0.00   7.9  28.0   12:31     W
05  65.4  80.3   14:58  48.2   05:19   4.4   4.9  0.00   9.2  32.0   17:22   NNW
06  66.0  81.3   18:19  48.6   06:22   4.9   6.0  0.00   5.7  19.0   11:48   WSW
07  67.7  83.8   17:27  52.3   06:43   2.8   5.5  0.00  10.2  33.0   22:14   ESE
08  59.2  67.4   19:17  53.5   23:59   6.0   0.1  0.02   9.2  25.0   00:26    NE
09  59.8  72.3   17:35  48.3   23:58   6.2   1.0  0.04  10.8  32.0   12:43   NNW
10  43.0  48.3   00:00  35.3   06:32  22.0   0.0  0.00  10.0  22.0   10:37     E
11  47.4  53.2   11:31  42.9   06:33  17.6   0.0  0.03   7.1  23.0   08:13     E
12  51.7  58.6   15:40  44.7   06:43  13.3   0.0  0.00   3.8  17.0   15:51    SW
13  59.9  73.5   17:50  49.4   03:36   6.9   1.8  0.00   5.7  18.0   14:13    SW
14  64.2  80.1   14:29  49.8   06:54   5.2   4.4  0.00   5.8  24.0   16:46     N
15  65.9  81.7   16:57  46.2   05:47   5.3   6.2  0.00   8.3  25.0   01:03   SSE
16  73.1  86.7   17:35  54.7   07:00   1.6   9.7  0.00   5.4  24.0   23:52   SSE
17  60.6  67.9   00:00  56.2   05:50   4.5   0.1  0.14  11.5  34.0   14:00     E
18  49.5  59.7   00:12  46.0   23:58  15.5   0.0  0.39  11.9  30.0   20:30     N
19  54.0  65.9   17:26  39.1   06:49  11.1   0.0  0.00   9.9  29.0   13:58   NNE
----------------------------------------------------------------------------------
    58.1  86.7    16    35.3    10   177.6  47.3  0.69   8.0  34.0     2     NNE

Max >=  80.0  6
Max <=  32.0  0
Min <=  32.0  0
Min <=   0.0  0
Max Rain: 0.39 on day 18
Days of Rain: 6 (>= 0.01 in)  2 (>= 0.10 in)  0 (>= 1.00 in)
Heat Base: 65.0  Cool Base: 65.0  Method: Integration