NOAA-Style Climate Reports


Report for 2017 July
                   Monthly Climatological Summary for Jul 2017

Name: Bismarckweather.net   City: Bismarck   State: ND
Elevation: 1913 ft  Lat: N 46 54 06   Lon: W 100 47 03

                  Temperature (°F), Rain (in), Wind Speed (mph)

                                      Heat  Cool        Avg
    Mean                              Deg   Deg         Wind                 Dom
Day Temp  High   Time   Low    Time   Days  Days  Rain  Speed High   Time    Dir
----------------------------------------------------------------------------------
01  70.0  84.7   16:42  59.1   02:29   1.6   6.7  0.00   6.6  20.0   17:48     N
02  69.1  81.0   17:27  55.9   06:42   2.0   6.1  0.00   6.9  21.0   18:33     E
03  77.0  91.4   16:53  62.3   02:57   0.2  12.2  0.00  11.0  23.0   14:50    SE
04  78.7  99.7   16:22  65.7   06:07   0.0  13.7  0.83   6.2  52.0   17:38   ESE
05  81.0  99.7   17:47  63.6   04:29   0.1  16.1  0.00   6.4  16.0   08:02   ESE
06  76.9  86.0   16:37  66.4   03:17   0.0  11.9  0.00   9.1  26.0   11:51   NNW
07  73.7  88.0   18:18  56.5   05:38   1.3  10.0  0.00   3.9  15.0   13:02   NNE
08  77.1  96.4   17:24  60.1   03:59   0.9  13.0  0.00   4.5  20.0   14:26    SE
09  79.1  91.9   13:55  67.6   04:17   0.0  14.1  0.00   7.8  31.0   14:35    NE
10  75.7  87.4   17:02  60.6   06:06   0.3  11.0  0.00   7.1  22.0   19:18    SE
11  79.9  92.9   17:34  67.6   07:09   0.0  14.9  0.00   9.3  29.0   19:41     W
12  65.6  72.8   19:01  57.6   23:53   1.3   1.9  0.00   9.6  22.0   09:42   NNW
13  66.7  80.1   16:31  54.6   05:10   3.3   5.0  0.00   4.5  15.0   22:25     E
14  73.1  98.2   17:02  55.6   06:16   2.4  10.5  0.43  10.0  42.0   18:28    SE
15  74.1  86.0   17:10  62.5   06:57   0.2   9.3  0.00   6.6  18.0   13:45   NNE
16  77.1  95.3   18:31  59.1   06:43   1.2  13.3  0.00  12.1  34.0   23:55    SE
17  80.9  94.9   16:18  67.3   23:53   0.0  15.8  0.00  10.3  29.0   00:06   NNE
18  70.7  83.4   17:42  58.9   06:24   1.0   6.8  0.06   5.4  18.0   03:25     E
19  73.6  87.3   18:18  63.4   05:30   0.1   8.8  0.21   6.8  24.0   07:13   SSE
20  77.5  93.4   17:09  62.8   06:30   0.1  12.5  0.08   7.7  28.0   21:44    SE
----------------------------------------------------------------------------------
    74.9  99.7     4    54.6    13    16.0 213.6  1.61   7.6  52.0     4       E

Max >=  80.0 19
Max <=  32.0  0
Min <=  32.0  0
Min <=   0.0  0
Max Rain: 0.83 on day 4
Days of Rain: 5 (>= 0.01 in)  3 (>= 0.10 in)  0 (>= 1.00 in)
Heat Base: 65.0  Cool Base: 65.0  Method: Integration