NOAA-Style Climate Reports


Report for 2017 June
                   Monthly Climatological Summary for Jun 2017

Name: Bismarckweather.net   City: Bismarck   State: ND
Elevation: 1913 ft  Lat: N 46 54 06   Lon: W 100 47 03

                  Temperature (°F), Rain (in), Wind Speed (mph)

                                      Heat  Cool        Avg
    Mean                              Deg   Deg         Wind                 Dom
Day Temp  High   Time   Low    Time   Days  Days  Rain  Speed High   Time    Dir
----------------------------------------------------------------------------------
01  70.7  88.5   17:31  52.7   01:48   3.8   9.4  0.00  11.7  35.0   12:30   SSE
02  77.2  93.3   15:43  64.5   06:14   0.0  12.2  0.00  10.8  34.0   18:49   SSE
03  71.9  82.5   17:51  56.6   06:49   1.4   8.2  0.00   7.5  31.0   16:03    NW
04  75.2  93.2   17:48  57.6   05:36   1.5  11.7  0.00   3.8  22.0   18:31     E
05  74.2  90.4   17:54  56.6   06:11   1.4  10.6  0.00   9.3  25.0   13:31   ESE
06  68.1  77.6   18:59  59.8   07:18   0.8   3.9  0.00   7.3  25.0   07:52   WNW
07  65.1  79.4   18:18  47.6   06:20   4.3   4.4  0.00   6.1  19.0   08:45    NW
08  70.5  82.5   16:08  53.2   06:02   1.8   7.4  0.00   6.4  19.0   14:15     E
09  78.6  98.0   16:34  61.6   02:42   0.5  14.1  0.00  13.8  38.0   13:04   ESE
10  71.9  82.8   18:19  60.5   07:07   0.5   7.3  0.00  11.9  35.0   01:56   WNW
11  70.4  82.2   16:13  58.5   04:43   1.4   6.9  0.01   8.7  31.0   16:14   WNW
12  68.0  81.5   15:56  52.3   04:09   3.3   6.2  0.00   6.3  25.0   23:28     E
13  64.3  75.4   16:41  57.6   06:32   2.5   1.8  0.73   9.4  48.0   06:36     E
14  66.1  75.4   17:45  57.0   06:43   1.7   2.8  0.00  13.8  36.0   15:56     W
15  67.7  80.7   16:34  53.3   06:29   2.9   5.7  0.00  13.6  39.0   16:42   WNW
16  66.2  79.0   15:51  54.0   05:37   2.8   4.0  0.00   6.6  31.0   15:50     W
17  58.8  69.0   15:33  52.7   05:59   6.4   0.1  0.28   6.7  30.0   16:28   WNW
18  62.9  74.9   17:45  52.5   03:34   4.7   2.6  0.03  10.1  37.0   15:47    NW
19  65.3  79.0   17:13  48.9   05:36   4.4   4.7  0.00   6.6  25.0   18:05    NW
20  64.3  74.7   17:45  48.9   06:37   3.9   3.2  0.00   4.2  16.0   23:25   ENE
21  70.7  86.6   14:14  57.9   04:34   1.9   7.6  0.00  10.2  31.0   15:38   NNW
22  64.6  75.9   16:46  53.4   06:54   3.4   3.0  0.00  12.3  37.0   18:42   WNW
23  58.1  66.4   17:16  50.8   23:59   6.9   0.0  0.00  16.9  40.0   10:56    NW
----------------------------------------------------------------------------------
    68.3  98.0     9    47.6     7    62.2 137.8  1.05   9.3  48.0    13      NW

Max >=  80.0 12
Max <=  32.0  0
Min <=  32.0  0
Min <=   0.0  0
Max Rain: 0.73 on day 13
Days of Rain: 4 (>= 0.01 in)  2 (>= 0.10 in)  0 (>= 1.00 in)
Heat Base: 65.0  Cool Base: 65.0  Method: Integration