NOAA-Style Climate Reports


Report for 2018 January
                   Monthly Climatological Summary for Jan 2018

Name: Bismarckweather.net   City: Bismarck   State: ND
Elevation: 1913 ft  Lat: N 46 54 06   Lon: W 100 47 03

                  Temperature (°F), Rain (in), Wind Speed (mph)

                                      Heat  Cool        Avg
    Mean                              Deg   Deg         Wind                 Dom
Day Temp  High   Time   Low    Time   Days  Days  Rain  Speed High   Time    Dir
----------------------------------------------------------------------------------
01 -13.7  -3.5   15:42 -22.8   07:13  78.7   0.0  0.00   1.3   7.0   22:58    SW
02   8.3  21.9   15:27  -6.8   06:03  56.7   0.0  0.00   9.4  41.0   16:27    NW
03   5.9  13.1   15:34  -0.6   05:03  59.1   0.0  0.00   1.9  13.0   22:48   ESE
04   9.2  14.5   14:50   5.6   08:20  55.8   0.0  0.00   2.8  16.0   20:49     E
05   8.4  11.5   14:37   4.1   02:10  56.6   0.0  0.00   5.9  21.0   21:32    SE
06  15.9  31.8   23:59   7.5   02:56  49.1   0.0  0.00   5.5  23.0   11:31     S
07  31.8  36.7   13:14  27.0   22:06  33.2   0.0  0.02   5.0  24.0   07:42   WNW
08  27.8  34.4   15:01  17.8   09:08  37.2   0.0  0.00   2.6  12.0   19:07    SE
09  31.6  38.1   14:52  24.3   07:57  33.4   0.0  0.00   4.9  14.0   12:36    SE
10  17.5  33.3   05:07   1.4   22:50  47.5   0.0  0.01  10.4  33.0   11:21   NNW
11  -5.2   1.6   00:00 -15.0   23:10  70.7   0.0  0.37   4.8  29.0   03:32   NNW
12 -13.9  -6.2   14:54 -21.6   07:24  78.9   0.0  0.01   1.0   5.0   13:03    NW
13  -7.4  10.5   23:47 -20.9   08:17  72.3   0.0  0.00   2.2   8.0   10:17    SE
14   7.6  23.1   09:57  -5.2   23:49  57.4   0.0  0.00   4.3  30.0   16:09   NNW
15 -10.0  -4.8   00:03 -15.9   23:16  75.0   0.0  0.00   4.6   9.0   00:03   NNW
16  -3.4  11.1   16:12 -17.8   07:43  68.4   0.0  0.00   2.3  10.0   14:54     S
----------------------------------------------------------------------------------
     6.9  38.1     9   -22.8     1   930.0   0.0  0.41   4.3  41.0     2      NW

Max >=  80.0  0
Max <=  32.0 12
Min <=  32.0 16
Min <=   0.0  9
Max Rain: 0.37 on day 11
Days of Rain: 4 (>= 0.01 in)  1 (>= 0.10 in)  0 (>= 1.00 in)
Heat Base: 65.0  Cool Base: 65.0  Method: Integration