NOAA-Style Climate Reports


Report for 2018 April
                   Monthly Climatological Summary for Apr 2018

Name: Bismarckweather.net   City: Bismarck   State: ND
Elevation: 1913 ft  Lat: N 46 54 06   Lon: W 100 47 03

                  Temperature (°F), Rain (in), Wind Speed (mph)

                                      Heat  Cool        Avg
    Mean                              Deg   Deg         Wind                 Dom
Day Temp  High   Time   Low    Time   Days  Days  Rain  Speed High   Time    Dir
----------------------------------------------------------------------------------
01  15.7  28.3   18:07   4.9   07:23  49.3   0.0  0.21   8.5  22.0   00:18     W
02  18.6  21.7   03:57  14.1   23:59  46.4   0.0  0.00  13.3  29.0   12:18    NE
03  14.7  23.4   18:15   8.1   07:15  50.3   0.0  0.00   8.5  23.0   00:46   NNW
04  22.0  36.8   17:53   8.1   07:08  43.0   0.0  0.00   5.1  15.0   10:42    SE
05  22.5  28.0   12:31  14.3   23:59  42.5   0.0  0.01  12.0  42.0   23:02    NW
06   9.9  19.2   16:51   0.2   06:53  55.1   0.0  0.00  13.7  40.0   00:42    NW
07  16.8  29.1   16:25   3.1   07:04  48.2   0.0  0.00   6.4  23.0   23:19   ENE
08  19.6  24.4   16:41  15.8   02:37  45.4   0.0  0.00  14.6  32.0   10:14   ENE
09  25.9  32.2   16:29  20.2   00:52  39.1   0.0  0.09   4.2  17.0   16:44   SSW
10  36.0  47.0   13:56  27.8   07:55  29.0   0.0  0.00   5.7  19.0   14:30   WNW
11  35.1  39.8   11:50  30.5   00:29  29.9   0.0  0.04  10.1  29.0   12:12   ESE
12  34.2  37.3   05:47  30.7   22:41  30.7   0.0  0.00   9.3  27.0   21:35    NE
13  27.5  31.8   15:56  23.6   08:38  37.5   0.0  0.00  15.7  32.0   16:47   NNE
14  27.3  37.0   16:15  18.5   06:12  37.7   0.0  0.00   9.1  21.0   16:46    NE
15  28.2  37.8   16:36  17.6   06:29  36.8   0.0  0.00   6.5  21.0   17:38     E
16  30.9  42.2   16:20  19.3   06:23  34.1   0.0  0.00  11.3  30.0   17:06     E
17  36.3  46.4   13:47  27.9   01:53  28.7   0.0  0.00  16.1  39.0   11:19     E
18  39.5  50.4   17:03  31.2   01:18  25.5   0.0  0.00   5.8  19.0   13:44   NNW
19  40.3  55.7   16:09  25.7   06:59  24.7   0.0  0.00   5.3  21.0   19:11   ENE
20  46.0  61.4   17:02  30.4   06:53  19.0   0.0  0.00  11.5  29.0   17:28    SE
----------------------------------------------------------------------------------
    27.4  61.4    20     0.2     6   752.9   0.0  0.35   9.6  42.0     5      NE

Max >=  80.0  0
Max <=  32.0  8
Min <=  32.0 20
Min <=   0.0  0
Max Rain: 0.21 on day 1
Days of Rain: 4 (>= 0.01 in)  1 (>= 0.10 in)  0 (>= 1.00 in)
Heat Base: 65.0  Cool Base: 65.0  Method: Integration