NOAA-Style Climate Reports


Report for 2018 February
                   Monthly Climatological Summary for Feb 2018

Name: Bismarckweather.net   City: Bismarck   State: ND
Elevation: 1913 ft  Lat: N 46 54 06   Lon: W 100 47 03

                  Temperature (°F), Rain (in), Wind Speed (mph)

                                      Heat  Cool        Avg
    Mean                              Deg   Deg         Wind                 Dom
Day Temp  High   Time   Low    Time   Days  Days  Rain  Speed High   Time    Dir
----------------------------------------------------------------------------------
01  -1.4   6.4   16:14  -8.6   08:25  66.4   0.0  0.00   3.6  17.0   01:22    NW
02   9.7  21.5   16:28  -2.4   03:52  55.3   0.0  0.00   2.0   8.0   07:34   ESE
03   2.6  11.7   00:00  -4.8   22:10  62.4   0.0  0.00   5.6  20.0   23:48    NE
04  -5.0   3.0   16:43 -15.4   05:43  70.0   0.0  0.12   4.3  17.0   00:39     W
05  -1.3   4.0   14:31  -9.5   23:27  66.3   0.0  0.00   4.5  26.0   12:53   NNW
06  -0.7  14.8   16:12 -14.0   08:04  65.7   0.0  0.00   2.8  18.0   18:39     W
07   1.1  10.5   16:48 -10.2   08:00  63.9   0.0  0.00   0.6   9.0   13:29     W
08   1.3   9.2   13:36  -4.5   04:42  63.7   0.0  0.00   2.0   8.0   16:50   NNE
09  -5.2   2.2   15:29 -14.1   07:58  70.2   0.0  0.00   2.2   8.0   14:05   WNW
10   0.0  10.7   15:11 -12.9   06:47  65.0   0.0  0.00   3.9  10.0   14:11     W
11   5.5  13.6   16:34  -7.5   23:46  59.5   0.0  0.00   3.8  17.0   17:04   NNW
12  -4.6   6.6   23:58 -15.0   03:44  69.6   0.0  0.00   1.3   7.0   15:02    SE
13  15.9  29.2   16:26   4.2   06:40  49.1   0.0  0.00   4.9  13.0   13:33    SW
14  32.2  42.4   14:04  20.6   04:04  32.8   0.0  0.00   3.1   9.0   14:11     W
15  11.3  33.2   00:00  -3.6   22:18  54.8   0.0  0.00   5.5  23.0   14:44     N
16  13.4  28.7   15:49  -4.5   02:04  51.6   0.0  0.00   2.9  13.0   13:06    SW
17  18.0  23.1   14:05  14.0   04:48  47.0   0.0  0.00   2.3  10.0   14:14   WNW
18  11.3  16.3   01:36   6.3   23:55  53.7   0.0  0.00   6.0  15.0   15:31    NE
----------------------------------------------------------------------------------
     5.8  42.4    14   -15.4     4  1067.0   0.0  0.12   3.4  26.0     5      NW

Max >=  80.0  0
Max <=  32.0 16
Min <=  32.0 18
Min <=   0.0 14
Max Rain: 0.12 on day 4
Days of Rain: 1 (>= 0.01 in)  1 (>= 0.10 in)  0 (>= 1.00 in)
Heat Base: 65.0  Cool Base: 65.0  Method: Integration