NOAA-Style Climate Reports


Report for 2017 December
                   Monthly Climatological Summary for Dec 2017

Name: Bismarckweather.net   City: Bismarck   State: ND
Elevation: 1913 ft  Lat: N 46 54 06   Lon: W 100 47 03

                  Temperature (°F), Rain (in), Wind Speed (mph)

                                      Heat  Cool        Avg
    Mean                              Deg   Deg         Wind                 Dom
Day Temp  High   Time   Low    Time   Days  Days  Rain  Speed High   Time    Dir
----------------------------------------------------------------------------------
01  37.1  50.8   14:27  29.7   07:40  27.9   0.0  0.00   4.1  22.0   12:48     W
02  36.3  50.7   13:32  24.5   08:10  28.7   0.0  0.00   1.7  10.0   11:15     S
03  36.0  47.0   14:12  28.2   23:56  29.0   0.0  0.00   6.9  22.0   17:15     E
04  25.9  29.2   09:05  18.8   23:01  39.1   0.0  0.01  17.0  44.0   13:26   NNW
05  18.4  27.6   21:44   8.7   06:40  46.6   0.0  0.08   7.4  28.0   00:58    NW
06  12.8  24.1   00:00   2.0   23:58  52.1   0.0  0.04   9.7  26.0   14:45   NNW
07  19.1  31.0   14:17   1.5   01:59  45.9   0.0  0.00   7.7  26.0   18:10   WNW
08  28.3  35.7   15:26  18.8   08:00  36.7   0.0  0.00  10.8  30.0   14:57    NW
09  30.6  40.9   20:20  16.9   07:14  34.4   0.0  0.00   6.4  24.0   20:38   WNW
10  38.3  44.8   13:50  29.1   08:01  26.7   0.0  0.00   6.1  31.0   23:46   WNW
11  33.3  42.5   01:18  21.2   22:22  31.7   0.0  0.00  13.3  46.0   01:22   NNW
12  37.0  51.7   15:25  23.3   00:00  28.0   0.0  0.00   8.0  50.0   23:20     W
13  35.5  44.1   00:00  29.3   23:59  29.6   0.0  0.00  15.8  41.0   00:36    NW
14  32.2  34.5   14:48  26.8   02:09  32.7   0.0  0.00   9.7  27.0   08:34    NW
----------------------------------------------------------------------------------
    30.1  51.7    12     1.5     7   489.1   0.0  0.13   8.9  50.0    12      NW

Max >=  80.0  0
Max <=  32.0  4
Min <=  32.0 14
Min <=   0.0  0
Max Rain: 0.08 on day 5
Days of Rain: 3 (>= 0.01 in)  0 (>= 0.10 in)  0 (>= 1.00 in)
Heat Base: 65.0  Cool Base: 65.0  Method: Integration