NOAA-Style Climate Reports


Report for 2018 August
                   Monthly Climatological Summary for Aug 2018

Name: Bismarckweather.net   City: Bismarck   State: ND
Elevation: 1913 ft  Lat: N 46 54 06   Lon: W 100 47 03

                  Temperature (°F), Rain (in), Wind Speed (mph)

                                      Heat  Cool        Avg
    Mean                              Deg   Deg         Wind                 Dom
Day Temp  High   Time   Low    Time   Days  Days  Rain  Speed High   Time    Dir
----------------------------------------------------------------------------------
01  64.2  76.2   16:55  54.8   04:41   3.5   2.7  0.00   6.5  17.0   00:06   NNE
02  68.6  86.8   18:38  53.4   06:35   3.9   7.6  0.00  11.3  28.0   14:37    SE
03  80.0 100.4   17:10  64.8   06:36   0.0  15.0  0.00   7.3  27.0   18:23   SSE
04  75.0  90.0   16:30  61.4   07:08   0.2  10.2  0.47   8.9  36.0   02:05   WSW
05  71.0  82.2   16:44  56.1   07:12   1.3   7.3  0.00   5.3  21.0   11:31   WNW
06  71.1  85.3   17:33  59.5   04:33   1.0   7.1  0.00   6.0  19.0   16:57    NW
07  74.7  92.1   17:11  59.7   05:22   1.2  10.9  0.01   4.8  63.0   18:48   SSW
08  78.2  93.0   15:05  64.3   05:00   0.0  13.2  0.00   5.4  22.0   15:49   NNW
09  77.8  95.3   17:39  61.0   06:43   0.3  13.1  0.00   3.6  14.0   15:47    NE
10  80.2  96.6   17:26  63.7   06:55   0.0  15.2  0.00   6.4  15.0   17:28     E
11  80.6  99.7   16:50  64.6   05:39   0.0  15.6  0.00   7.4  18.0   20:53   ESE
12  85.0 102.7   16:42  67.7   07:23   0.0  20.0  0.00  11.8  32.0   14:45    SE
13  73.9  83.1   00:00  58.9   23:58   0.4   9.2  0.00  11.2  30.0   12:54     N
14  64.3  76.7   17:33  52.9   07:07   3.7   3.0  0.00   4.5  16.0   12:09    NE
15  68.8  84.3   17:43  52.6   06:21   3.7   7.5  0.00   5.6  17.0   12:24   ESE
----------------------------------------------------------------------------------
    74.2 102.7    12    52.6    15    19.2 157.6  0.48   7.1  63.0     7     ESE

Max >=  80.0 13
Max <=  32.0  0
Min <=  32.0  0
Min <=   0.0  0
Max Rain: 0.47 on day 4
Days of Rain: 2 (>= 0.01 in)  1 (>= 0.10 in)  0 (>= 1.00 in)
Heat Base: 65.0  Cool Base: 65.0  Method: Integration